
True
Is 7 a factor of 1172908?
False
Is 943 a factor of 240572444?
False
Is 185701800 a multiple of 60?
True
Does 7 divide 1204439?
False
Does 868 divide 41154657?
False
Is 316830034 a multiple of 122?
False
Does 9997 divide 821552521?
False
Does 21 divide 581549157?
True
Is 59123850 a multiple of 613?
True
Does 19 divide 79877083?
True
Is 9769623 a multiple of 8?
False
Does 10 divide 15465430?
True
Is 235 a factor of 21623955?
False
Is 363335469 a multiple of 80?
False
Does 57 divide 1634748657?
True
Does 1367 divide 66356914?
True
Is 3 a factor of 529600209?
True
Is 296286626 a multiple of 11?
False
Is 945 a factor of 72814140?
True
Does 1003 divide 91384333?
True
Does 227 divide 1266664086?
True
Is 3077 a factor of 305004548?
True
Is 699278931 a multiple of 9?
True
Does 1991 divide 420212496?
True
Is 8190663 a multiple of 48?
False
Is 102607282 a multiple of 729?
False
Is 89 a factor of 96806006?
False
Is 1004489 a multiple of 19?
False
Is 337 a factor of 6196536?
False
Is 24 a factor of 184528266?
False
Is 2204028086 a multiple of 26?
True
Is 11732650 a multiple of 313?
False
Is 52808042 a multiple of 137?
False
Is 23418848 a multiple of 4?
True
Is 336 a factor of 1464809472?
True
Does 116 divide 4116010716?
True
Is 29306136 a multiple of 56?
False
Does 1349 divide 604772888?
True
Is 74 a factor of 570121656?
False
Does 3 divide 543621060?
True
Does 39 divide 476719?
False
Is 422 a factor of 41602936?
False
Is 3395203920 a multiple of 720?
True
Does 10210 divide 7612923140?
True
Is 112 a factor of 1839671367?
False
Is 3038 a factor of 235842978?
True
Does 1512 divide 1336208832?
True
Is 6 a factor of 15507534?
True
Does 7 divide 266785394?
False
Does 101 divide 136585420?
False
Is 157363724 a multiple of 3143?
True
Is 162 a factor of 513946353?
False
Is 4 a factor of 28459900?
True
Is 16 a factor of 95993242?
False
Is 1524232423 a multiple of 148?
False
Is 299566848 a multiple of 2472?
True
Is 93791631 a multiple of 193?
True
Does 102 divide 375692826?
True
Is 4609628 a multiple of 15?
False
Is 658224002 a multiple of 6429?
False
Is 1122056922 a multiple of 9?
False
Is 1538 a factor of 41607740?
False
Is 14863032 a multiple of 612?
True
Does 167 divide 696550487?
True
Is 170951040 a multiple of 128?
True
Does 15 divide 3321599775?
True
Does 10 divide 7691890?
True
Is 254800488 a multiple of 17?
True
Is 123 a factor of 67489116?
True
Is 313426159 a multiple of 3892?
False
Is 140154275 a multiple of 3359?
True
Is 85014389 a multiple of 97?
True
Is 138645150 a multiple of 483?
True
Is 28888275 a multiple of 32?
False
Is 5957382 a multiple of 366?
True
Is 5126 a factor of 149592058?
True
Is 188 a factor of 5658015?
False
Is 845 a factor of 15819245?
True
Is 11 a factor of 273211302?
False
Does 1022 divide 54590239?
False
Is 23 a factor of 14949706?
False
Is 2056523955 a multiple of 2105?
True
Does 357 divide 925861304?
False
Does 1574 divide 127146400?
False
Is 408560130 a multiple of 330?
True
Does 49 divide 231569002?
True
Is 63 a factor of 297290385?
True
Is 41 a factor of 8836607?
True
Does 238 divide 121985489?
False
Does 528 divide 26261377?
False
Is 6 a factor of 48413460?
True
Does 24 divide 511240769?
False
Does 157 divide 33294362?
True
Is 5613670572 a multiple of 68?
True
Is 14601582 a multiple of 6?
True
Is 6580489285 a multiple of 20?
False
Is 93772728 a multiple of 14?
True
Is 1117 a factor of 16776223?
True
Does 915 divide 1824906195?
True
Is 12 a factor of 6407857?
False
Is 61656948 a multiple of 12?
True
Is 1722 a factor of 5312364834?
True
Is 23 a factor of 138537458?
False
Is 2260226 a multiple of 42?
False
Does 534 divide 32362633?
False
Is 4 a factor of 19194940?
True
Does 68 divide 87918256?
False
Is 1223520236 a multiple of 92?
True
Is 44 a factor of 760227727?
False
Is 116087093 a multiple of 53?
False
Is 6677600 a multiple of 4?
True
Does 447 divide 34027467?
False
Is 29 a factor of 295029093?
True
Is 826333584 a multiple of 9?
False
Is 213 a factor of 28840789?
False
Does 704 divide 696263040?
True
Does 240 divide 392719920?
True
Does 136 divide 129701980?
False
Is 23586783 a multiple of 303?
False
Does 15 divide 239891565?
True
Is 338175810 a multiple of 243?
True
Is 251823328 a multiple of 15?
False
Is 57081343 a multiple of 37?
True
Is 27 a factor of 127616645?
False
Does 4 divide 17827543?
False
Does 145 divide 4475570?
True
Is 179 a factor of 17941528?
True
Does 614 divide 656980?
True
Does 4367 divide 14074841?
True
Is 640868787 a multiple of 89?
False
Is 28507366 a multiple of 211?
True
Is 41473215 a multiple of 27?
True
Does 56 divide 9309147?
False
Is 4711 a factor of 5299342657?
True
Is 3 a factor of 843393610?
False
Is 683807156 a multiple of 294?
False
Is 3206367000 a multiple of 75?
True
Does 879 divide 48798564?
True
Is 2903 a factor of 354854011?
True
Is 1019 a factor of 111081190?
True
Is 36 a factor of 26678412?
True
Is 55 a factor of 58010370?
True
Does 68 divide 4361942?
False
Is 27593946 a multiple of 65?
False
Does 11 divide 7897307?
True
Does 13 divide 297586960?
False
Is 15 a factor of 148805711?
False
Does 1540 divide 67350360?
True
Does 27 divide 108187719?
False
Is 302 a factor of 734924646?
False
Does 565 divide 36176950?
True
Does 721 divide 452602046?
False
Does 335 divide 946706009?
False
Does 386 divide 290058156?
True
Does 1206 divide 7489260?
True
Is 20053868 a multiple of 180?
False
Is 108607360 a multiple of 1485?
False
Is 243132859 a multiple of 117?
False
Is 536 a factor of 82615824?
True
Does 734 divide 26385832?
True
Is 92060763 a multiple of 96?
False
Is 25 a factor of 11439744?
False
Does 2633 divide 1287334259?
True
Is 342762696 a multiple of 5?
False
Does 406 divide 108646818?
True
Is 49251696 a multiple of 48?
True
Is 35018196 a multiple of 81?
False
Does 2209 divide 202133343?
False
Is 499528573 a multiple of 61?
True
Is 98356060 a multiple of 838?
True
Is 15173840 a multiple of 86?
True
Is 60571770 a multiple of 1055?
True
Does 5059 divide 508550916?
True
Is 3492 a factor of 183414715?
False
Does 215 divide 28530930?
True
Is 187967520 a multiple of 936?
True
Is 17 a factor of 96090892?
False
Is 29422299 a multiple of 29?
False
Does 56 divide 1194128855?
False
Is 2752 a factor of 229558080?
True
Is 33387046 a multiple of 1500?
False
Is 411 a factor of 24887837?
False
Does 508 divide 2133594920?
True
Is 9 a factor of 605715543?
True
Is 114231207 a multiple of 7?
False
Is 484630757 a multiple of 24?
False
Is 2336754656 a multiple of 5653?
False
Is 279 a factor of 844568139?
False
Is 7571013 a multiple of 8?
False
Does 3 divide 30029322?
True
Is 146 a factor of 18527400?
True
Does 77 divide 501051089?
True
Is 121481771 a multiple of 7714?
False
Is 68 a factor of 37829747?
False
Does 10 divide 701319630?
True
Is 175 a factor of 42236149?
False
Does 1052 divide 40873356?
True
Is 1927441923 a multiple of 8?
False
Does 93 divide 1443462932?
False
Is 35605108 a multiple of 14?
True
Is 1416249 a multiple of 37?
True
Does 211 divide 69783513?
False
Is 498 a factor of 5878392?
True
Is 462864880 a multiple of 214?
True
Is 202429805 a multiple of 4187?
False
Is 33470230 a multiple of 890?
True
Is 26188619 a multiple of 647?
True
Is 78 a factor of 309783942?
True
Is 74 a factor of 837037976?
True
Is 674 a factor of 1864471424?
False
Does 303 divide 596305954?
False
Does 34 divide 367468406?
False
Is 29213041 a multiple of 281?
True
Does 17 divide 122381943?
False
Does 26 divide 19508502?
True
Is 274 a factor of 1655782?
True
Is 376007933 a multiple of 847?
False
Is 92 a factor of 87008632?
True
Is 155 a factor of 336328610?
True
Is 527870689 a multiple of 67?
True
Is 4325 a factor of 1175400925?
True
Is 25 a factor of 3216475?
True
Does 100 divide 225727000?
True
Does 9 divide 11791717?
False
Does 3303 divide 679185981?
True
Is 1547350 a multiple of 25?
True
Does 596 divide 488218656?
False
Is 3162 a factor of 830311758?
False
Is 418613184 a multiple of 44?
True
Does 45 divide 34019010?
True
Is 83 a factor of 1099916?
True
Does 406 divide 396055458?
False
Is 204233744 a multiple of 3289?
True
Is 1109862000 a multiple of 5967?
True
Is 538 a factor of 12285265?
False
Is 13 a factor of 39272136?
False
Is 478948747 a multiple of 40?
False
Is 47933590 a multiple of 230?
False
Is 81 a fa